{"id":112,"date":"2025-09-16T13:49:25","date_gmt":"2025-09-16T11:49:25","guid":{"rendered":"https:\/\/aisnepcassistance.fr\/?page_id=112"},"modified":"2025-10-16T16:22:29","modified_gmt":"2025-10-16T14:22:29","slug":"tarifs","status":"publish","type":"page","link":"https:\/\/aisnepcassistance.fr\/?page_id=112","title":{"rendered":"tarifs"},"content":{"rendered":"<p>[et_pb_section fb_built=\u00a0\u00bb1&Prime; _builder_version=\u00a0\u00bb4.27.4&Prime; _module_preset=\u00a0\u00bbdefault\u00a0\u00bb background_color=\u00a0\u00bb#f9f9f9&Prime; global_colors_info=\u00a0\u00bb{}\u00a0\u00bb][et_pb_row _builder_version=\u00a0\u00bb4.27.4&Prime; _module_preset=\u00a0\u00bbdefault\u00a0\u00bb use_background_color_gradient=\u00a0\u00bbon\u00a0\u00bb background_color_gradient_direction=\u00a0\u00bb360deg\u00a0\u00bb background_color_gradient_stops=\u00a0\u00bb#f9f9f9 6%|rgba(255,255,255,0) 100%\u00a0\u00bb background_color_gradient_overlays_image=\u00a0\u00bbon\u00a0\u00bb background_image=\u00a0\u00bbhttps:\/\/aisnepcassistance.fr\/wp-content\/uploads\/2025\/09\/pexels-diva-28319370.jpg\u00a0\u00bb global_colors_info=\u00a0\u00bb{}\u00a0\u00bb][et_pb_column type=\u00a0\u00bb4_4&Prime; _builder_version=\u00a0\u00bb4.27.4&Prime; _module_preset=\u00a0\u00bbdefault\u00a0\u00bb global_colors_info=\u00a0\u00bb{}\u00a0\u00bb][et_pb_text _builder_version=\u00a0\u00bb4.27.4&Prime; _module_preset=\u00a0\u00bbdefault\u00a0\u00bb header_font=\u00a0\u00bb|700|||||||\u00a0\u00bb header_font_size=\u00a0\u00bb40px\u00a0\u00bb custom_padding=\u00a0\u00bb|10px||10px|false|false\u00a0\u00bb global_colors_info=\u00a0\u00bb{}\u00a0\u00bb]<\/p>\n<h1 style=\"text-align: center;\">Mes tarifs<\/h1>\n<p style=\"text-align: center;\">Des tarifs simples et transparents. Vous ne payez que ce dont vous avez besoin.<\/p>\n<p>[\/et_pb_text][\/et_pb_column][\/et_pb_row][et_pb_row column_structure=\u00a0\u00bb1_3,1_3,1_3&Prime; make_equal=\u00a0\u00bbon\u00a0\u00bb module_class=\u00a0\u00bbequal-tarifs\u00a0\u00bb _builder_version=\u00a0\u00bb4.27.4&Prime; _module_preset=\u00a0\u00bbdefault\u00a0\u00bb min_height=\u00a0\u00bb609.6px\u00a0\u00bb custom_margin=\u00a0\u00bb30px||||false|false\u00a0\u00bb locked=\u00a0\u00bboff\u00a0\u00bb global_colors_info=\u00a0\u00bb{}\u00a0\u00bb][et_pb_column type=\u00a0\u00bb1_3&Prime; _builder_version=\u00a0\u00bb4.27.4&Prime; _module_preset=\u00a0\u00bbdefault\u00a0\u00bb global_colors_info=\u00a0\u00bb{}\u00a0\u00bb][et_pb_blurb title=\u00a0\u00bbD\u00e9pannage informatique\u00a0\u00bb use_icon=\u00a0\u00bbon\u00a0\u00bb font_icon=\u00a0\u00bb&#xe035;||divi||400&Prime; icon_color=\u00a0\u00bb#0073e6&Prime; image_icon_width=\u00a0\u00bb90px\u00a0\u00bb _builder_version=\u00a0\u00bb4.27.4&Prime; _module_preset=\u00a0\u00bbdefault\u00a0\u00bb header_font=\u00a0\u00bb|700||||on|||\u00a0\u00bb header_font_size=\u00a0\u00bb22px\u00a0\u00bb body_text_align=\u00a0\u00bbcenter\u00a0\u00bb background_color=\u00a0\u00bb#e6ffee\u00a0\u00bb text_orientation=\u00a0\u00bbcenter\u00a0\u00bb custom_padding=\u00a0\u00bb20px|10px|46px|10px|false|false\u00a0\u00bb hover_enabled=\u00a0\u00bb0&Prime; border_radii=\u00a0\u00bbon|10px|10px|10px|10px\u00a0\u00bb border_width_all=\u00a0\u00bb1px\u00a0\u00bb border_color_all=\u00a0\u00bb#FFFFFF\u00a0\u00bb box_shadow_style=\u00a0\u00bbpreset2&Prime; global_colors_info=\u00a0\u00bb{}\u00a0\u00bb sticky_enabled=\u00a0\u00bb0&Prime;]<\/p>\n<p>\nVotre ordinateur ne d\u00e9marre plus, affiche un message d\u2019erreur ou ne r\u00e9pond plus ?<br \/>\nAisne PC Assistance intervient <strong>\u00e0 domicile<\/strong> pour diagnostiquer et r\u00e9parer vos probl\u00e8mes informatiques sur <strong>Windows<\/strong>.\n<\/p>\n<ul>\n<li>Pannes syst\u00e8me, erreurs de d\u00e9marrage<\/li>\n<li>Blocages, \u00e9crans bleus, p\u00e9riph\u00e9riques non reconnus<\/li>\n<li>R\u00e9installation ou restauration du syst\u00e8me<\/li>\n<li>V\u00e9rification du mat\u00e9riel et test de composants<\/li>\n<\/ul>\n<div style=\"text-align: center; margin-top: 20px;\"><span style=\"display: inline-flex; align-items: center; justify-content: center; background-color: #00e676; color: #000; padding: 8px 14px; border-radius: 50px; font-weight: bold; font-size: 16px; height: 40px; min-width: 100px;\"><br \/>\n60\u202f\u20ac\/heure<br \/>\n<\/span><\/div>\n<p>[\/et_pb_blurb][et_pb_blurb title=\u00a0\u00bbFormation \u00e0 domicile\u00a0\u00bb use_icon=\u00a0\u00bbon\u00a0\u00bb font_icon=\u00a0\u00bb&#xf51c;||fa||900&Prime; icon_color=\u00a0\u00bb#0073e6&Prime; image_icon_width=\u00a0\u00bb90px\u00a0\u00bb _builder_version=\u00a0\u00bb4.27.4&Prime; _module_preset=\u00a0\u00bbdefault\u00a0\u00bb header_font=\u00a0\u00bb|700||||on|||\u00a0\u00bb header_font_size=\u00a0\u00bb22px\u00a0\u00bb body_text_align=\u00a0\u00bbcenter\u00a0\u00bb background_color=\u00a0\u00bb#e6ffee\u00a0\u00bb text_orientation=\u00a0\u00bbcenter\u00a0\u00bb custom_padding=\u00a0\u00bb20px|10px|60px|10px|false|false\u00a0\u00bb hover_enabled=\u00a0\u00bb0&Prime; border_radii=\u00a0\u00bbon|10px|10px|10px|10px\u00a0\u00bb border_width_all=\u00a0\u00bb1px\u00a0\u00bb border_color_all=\u00a0\u00bb#FFFFFF\u00a0\u00bb box_shadow_style=\u00a0\u00bbpreset2&Prime; global_colors_info=\u00a0\u00bb{}\u00a0\u00bb sticky_enabled=\u00a0\u00bb0&Prime;]<\/p>\n<p style=\"text-align: center;\">Cours personnalis\u00e9s \u00e0 domicile, adapt\u00e9s \u00e0 tous les niveaux : d\u00e9couverte de l\u2019ordinateur, navigation Internet, e-mails, bureautique\u2026<\/p>\n<p><strong><em>Je m\u2019adapte \u00e0 votre rythme et \u00e0 vos besoins, en particulier pour les personnes d\u00e9butantes ou seniors.<\/em><\/strong><\/p>\n<div style=\"background-color: #f9f9f9; padding: 10px 15px; margin: 15px auto; border-radius: 8px; max-width: 90%; font-size: 14px; text-align: center; color: #333;\">\u2139\ufe0f Possibilit\u00e9 de cours \u00e0 deux ou trois personnes :<br \/>le tarif est alors d\u00e9gressif en fonction du nombre de participants.<\/div>\n<div style=\"text-align: center; margin-top: 20px;\"><span style=\"display: inline-flex; align-items: center; justify-content: center; background-color: #00e676; color: #000; padding: 8px 14px; border-radius: 50px; font-weight: bold; font-size: 16px; height: 40px; min-width: 100px;\"><br \/>60\u202f\u20ac\/heure<br \/><\/span><\/div>\n<p>[\/et_pb_blurb][\/et_pb_column][et_pb_column type=\u00a0\u00bb1_3&Prime; _builder_version=\u00a0\u00bb4.27.4&Prime; _module_preset=\u00a0\u00bbdefault\u00a0\u00bb global_colors_info=\u00a0\u00bb{}\u00a0\u00bb][et_pb_blurb title=\u00a0\u00bbNettoyage et optimisation\u00a0\u00bb use_icon=\u00a0\u00bbon\u00a0\u00bb font_icon=\u00a0\u00bb&#xf51a;||fa||900&Prime; icon_color=\u00a0\u00bb#0073e6&Prime; image_icon_width=\u00a0\u00bb90px\u00a0\u00bb _builder_version=\u00a0\u00bb4.27.4&Prime; _module_preset=\u00a0\u00bbdefault\u00a0\u00bb header_font=\u00a0\u00bb|700||||on|||\u00a0\u00bb header_font_size=\u00a0\u00bb22px\u00a0\u00bb body_text_align=\u00a0\u00bbcenter\u00a0\u00bb background_color=\u00a0\u00bb#e6ffee\u00a0\u00bb text_orientation=\u00a0\u00bbcenter\u00a0\u00bb custom_padding=\u00a0\u00bb20px|10px|20px|10px|false|false\u00a0\u00bb border_radii=\u00a0\u00bbon|10px|10px|10px|10px\u00a0\u00bb border_width_all=\u00a0\u00bb1px\u00a0\u00bb border_color_all=\u00a0\u00bb#FFFFFF\u00a0\u00bb box_shadow_style=\u00a0\u00bbpreset2&Prime; global_colors_info=\u00a0\u00bb{}\u00a0\u00bb]<\/p>\n<p style=\"text-align: center;\">Votre ordinateur est lent, surcharg\u00e9 ou infest\u00e9 ?<br \/>Je r\u00e9alise un nettoyage complet : d\u00e9sinstallation des programmes inutiles,<br \/>nettoyage des fichiers temporaires et optimisation du syst\u00e8me.<\/p>\n<div style=\"background-color: #f9f9f9; padding: 10px 15px; margin: 15px auto; border-radius: 8px; max-width: 90%; font-size: 14px; text-align: center; color: #333;\">\u2139\ufe0f En cas d\u2019ordinateur tr\u00e8s lent ou fortement infect\u00e9, un tarif forfaitaire vous sera propos\u00e9 au pr\u00e9alable.<\/div>\n<div style=\"text-align: center; margin-top: 20px;\"><span style=\"display: inline-flex; align-items: center; justify-content: center; background-color: #00e676; color: #000; padding: 8px 14px; border-radius: 50px; font-weight: bold; font-size: 16px; height: 40px; min-width: 100px;\"><br \/>60\u202f\u20ac\/heure<\/span><\/div>\n<p>[\/et_pb_blurb][et_pb_blurb title=\u00a0\u00bbS\u00e9curit\u00e9 et sauvegardes\u00a0\u00bb use_icon=\u00a0\u00bbon\u00a0\u00bb font_icon=\u00a0\u00bb&#xf3ed;||fa||900&Prime; icon_color=\u00a0\u00bb#0073e6&Prime; image_icon_width=\u00a0\u00bb90px\u00a0\u00bb _builder_version=\u00a0\u00bb4.27.4&Prime; _module_preset=\u00a0\u00bbdefault\u00a0\u00bb header_font=\u00a0\u00bb|700||||on|||\u00a0\u00bb header_font_size=\u00a0\u00bb22px\u00a0\u00bb body_text_align=\u00a0\u00bbcenter\u00a0\u00bb background_color=\u00a0\u00bb#e6ffee\u00a0\u00bb text_orientation=\u00a0\u00bbcenter\u00a0\u00bb custom_padding=\u00a0\u00bb20px|10px|20px|10px|false|false\u00a0\u00bb border_radii=\u00a0\u00bbon|10px|10px|10px|10px\u00a0\u00bb border_width_all=\u00a0\u00bb1px\u00a0\u00bb border_color_all=\u00a0\u00bb#FFFFFF\u00a0\u00bb box_shadow_style=\u00a0\u00bbpreset2&Prime; global_colors_info=\u00a0\u00bb{}\u00a0\u00bb]<\/p>\n<p style=\"text-align: center;\">Je vous aide \u00e0 mettre en place des solutions simples et fiables pour prot\u00e9ger vos donn\u00e9es importantes : photos, documents, fichiers personnels\u2026<\/p>\n<p>Sauvegardes automatiques, cloud, disque externe : on choisit ensemble la meilleure option pour vous.<\/p>\n<div style=\"text-align: center; margin-top: 20px;\"><span style=\"display: inline-flex; align-items: center; justify-content: center; background-color: #00e676; color: #000; padding: 8px 14px; border-radius: 50px; font-weight: bold; font-size: 16px; height: 40px; min-width: 100px;\"><br \/>60\u202f\u20ac\/heure<br \/><\/span><\/div>\n<p>[\/et_pb_blurb][\/et_pb_column][et_pb_column type=\u00a0\u00bb1_3&Prime; _builder_version=\u00a0\u00bb4.27.4&Prime; _module_preset=\u00a0\u00bbdefault\u00a0\u00bb global_colors_info=\u00a0\u00bb{}\u00a0\u00bb][et_pb_blurb title=\u00a0\u00bbInstallation d\u2019\u00e9quipements\u00a0\u00bb use_icon=\u00a0\u00bbon\u00a0\u00bb font_icon=\u00a0\u00bb&#xe0fa;||divi||400&Prime; icon_color=\u00a0\u00bb#0073e6&Prime; image_icon_width=\u00a0\u00bb90px\u00a0\u00bb _builder_version=\u00a0\u00bb4.27.4&Prime; _module_preset=\u00a0\u00bbdefault\u00a0\u00bb header_font=\u00a0\u00bb|700||||on|||\u00a0\u00bb header_font_size=\u00a0\u00bb22px\u00a0\u00bb body_text_align=\u00a0\u00bbcenter\u00a0\u00bb background_color=\u00a0\u00bb#e6ffee\u00a0\u00bb text_orientation=\u00a0\u00bbcenter\u00a0\u00bb custom_padding=\u00a0\u00bb20px|10px|20px|10px|false|false\u00a0\u00bb border_radii=\u00a0\u00bbon|10px|10px|10px|10px\u00a0\u00bb border_width_all=\u00a0\u00bb1px\u00a0\u00bb border_color_all=\u00a0\u00bb#FFFFFF\u00a0\u00bb box_shadow_style=\u00a0\u00bbpreset2&Prime; global_colors_info=\u00a0\u00bb{}\u00a0\u00bb]<\/p>\n<p style=\"text-align: center;\">Installation \u00e0 domicile de vos \u00e9quipements :<br \/>ordinateur, imprimante, clavier, \u00e9cran secondaire\u2026<\/p>\n<p><strong><em>Je m\u2019occupe de tout : d\u00e9ballage, branchements, installation logicielle<\/em><\/strong><br \/><strong><em>et v\u00e9rifications de bon fonctionnement.<\/em><\/strong><\/p>\n<div style=\"background-color: #f9f9f9; padding: 10px 15px; margin: 15px auto; border-radius: 8px; max-width: 90%; font-size: 14px; text-align: center; color: #333;\">\u2139\ufe0f <em>Je peux \u00e9galement vous accompagner dans le choix de votre mat\u00e9riel, en vous conseillant avant l&rsquo;achat.,<\/em><\/div>\n<div style=\"text-align: center; margin-top: 20px;\"><span style=\"display: inline-flex; align-items: center; justify-content: center; background-color: #00e676; color: #000; padding: 8px 14px; border-radius: 50px; font-weight: bold; font-size: 16px; height: 40px; min-width: 100px;\"><br \/>60\u202f\u20ac\/heure<br \/><\/span><\/div>\n<p>[\/et_pb_blurb][et_pb_blurb title=\u00a0\u00bbR\u00e9cup\u00e9ration de donn\u00e9es\u00a0\u00bb use_icon=\u00a0\u00bbon\u00a0\u00bb font_icon=\u00a0\u00bb&#xf1c0;||fa||900&Prime; icon_color=\u00a0\u00bb#0073e6&Prime; image_icon_width=\u00a0\u00bb90px\u00a0\u00bb _builder_version=\u00a0\u00bb4.27.4&Prime; _module_preset=\u00a0\u00bbdefault\u00a0\u00bb header_font=\u00a0\u00bb|700||||on|||\u00a0\u00bb header_font_size=\u00a0\u00bb22px\u00a0\u00bb body_text_align=\u00a0\u00bbcenter\u00a0\u00bb background_color=\u00a0\u00bb#e6ffee\u00a0\u00bb text_orientation=\u00a0\u00bbcenter\u00a0\u00bb custom_padding=\u00a0\u00bb20px|10px|20px|10px|false|false\u00a0\u00bb hover_enabled=\u00a0\u00bb0&Prime; border_radii=\u00a0\u00bbon|10px|10px|10px|10px\u00a0\u00bb border_width_all=\u00a0\u00bb1px\u00a0\u00bb border_color_all=\u00a0\u00bb#FFFFFF\u00a0\u00bb box_shadow_style=\u00a0\u00bbpreset2&Prime; global_colors_info=\u00a0\u00bb{}\u00a0\u00bb sticky_enabled=\u00a0\u00bb0&Prime;]<\/p>\n<p style=\"text-align: center;\">Tentative de r\u00e9cup\u00e9ration de fichiers supprim\u00e9s, disques durs d\u00e9faillants ou cl\u00e9s USB endommag\u00e9es.<\/p>\n<p>Chaque situation \u00e9tant diff\u00e9rente, un devis sera propos\u00e9 en fonction de la complexit\u00e9 de l\u2019intervention.<\/p>\n<div style=\"background-color: #f9f9f9; padding: 10px 15px; margin: 15px auto; border-radius: 8px; max-width: 90%; font-size: 14px; text-align: center; color: #333;\">\u2139\ufe0f Je propose une premi\u00e8re \u00e9valuation gratuite<br \/>pour vous indiquer si la r\u00e9cup\u00e9ration est possible.<\/div>\n<div style=\"text-align: center; margin-top: 20px;\"><span style=\"display: inline-flex; align-items: center; justify-content: center; background-color: #00e676; color: #000; padding: 8px 14px; border-radius: 50px; font-weight: bold; font-size: 16px; height: 40px; min-width: 100px;\"><br \/>\u00c0 partir de 60\u202f\u20ac<br \/><\/span><\/div>\n<p>[\/et_pb_blurb][\/et_pb_column][\/et_pb_row][et_pb_row column_structure=\u00a0\u00bb1_4,3_4&Prime; _builder_version=\u00a0\u00bb4.27.4&Prime; _module_preset=\u00a0\u00bbdefault\u00a0\u00bb global_colors_info=\u00a0\u00bb{}\u00a0\u00bb][et_pb_column type=\u00a0\u00bb1_4&Prime; _builder_version=\u00a0\u00bb4.27.4&Prime; _module_preset=\u00a0\u00bbdefault\u00a0\u00bb global_colors_info=\u00a0\u00bb{}\u00a0\u00bb][et_pb_image src=\u00a0\u00bbhttps:\/\/aisnepcassistance.fr\/wp-content\/uploads\/2025\/09\/sap-ombre-transparent.png\u00a0\u00bb title_text=\u00a0\u00bbsap-ombre-transparent\u00a0\u00bb _builder_version=\u00a0\u00bb4.27.4&Prime; _module_preset=\u00a0\u00bbdefault\u00a0\u00bb module_alignment=\u00a0\u00bbcenter\u00a0\u00bb custom_margin=\u00a0\u00bb18px||9px||false|false\u00a0\u00bb global_colors_info=\u00a0\u00bb{}\u00a0\u00bb custom_padding=\u00a0\u00bb3px|||||\u00a0\u00bb][\/et_pb_image][et_pb_image src=\u00a0\u00bbhttps:\/\/aisnepcassistance.fr\/wp-content\/uploads\/2025\/10\/URSSAF-logo-transparent.png\u00a0\u00bb _builder_version=\u00a0\u00bb4.27.4&Prime; _module_preset=\u00a0\u00bbdefault\u00a0\u00bb title_text=\u00a0\u00bbURSSAF-logo-transparent\u00a0\u00bb hover_enabled=\u00a0\u00bb0&Prime; sticky_enabled=\u00a0\u00bb0&Prime;][\/et_pb_image][\/et_pb_column][et_pb_column type=\u00a0\u00bb3_4&Prime; _builder_version=\u00a0\u00bb4.27.4&Prime; _module_preset=\u00a0\u00bbdefault\u00a0\u00bb global_colors_info=\u00a0\u00bb{}\u00a0\u00bb][et_pb_text _builder_version=\u00a0\u00bb4.27.4&Prime; _module_preset=\u00a0\u00bbdefault\u00a0\u00bb header_font=\u00a0\u00bb||||||||\u00a0\u00bb header_3_font=\u00a0\u00bb|700|||||||\u00a0\u00bb background_color=\u00a0\u00bb#e6ffee\u00a0\u00bb custom_padding=\u00a0\u00bb20px|15px|20px|15px|false|false\u00a0\u00bb hover_enabled=\u00a0\u00bb0&Prime; border_radii=\u00a0\u00bbon|10px|10px|10px|10px\u00a0\u00bb border_width_all=\u00a0\u00bb1px\u00a0\u00bb border_color_all=\u00a0\u00bb#FFFFFF\u00a0\u00bb box_shadow_style=\u00a0\u00bbpreset2&Prime; global_colors_info=\u00a0\u00bb{}\u00a0\u00bb sticky_enabled=\u00a0\u00bb0&Prime; custom_margin=\u00a0\u00bb|||0px|false|false\u00a0\u00bb]<\/p>\n<p style=\"background-color: #e6ffee; display: inline-block; padding: 6px 14px; border-radius: 20px; font-size: 14px; color: #0073e6; font-weight: 600; margin-bottom: 10px;\">\ud83c\udd95 Avance imm\u00e9diate disponible<\/p>\n<h3>Service \u00e0 la personne \u2013 Cr\u00e9dit d\u2019imp\u00f4t 50 %<\/h3>\n<p><em>Aisne PC Assistance est habilit\u00e9 \u00e0 l\u2019avance imm\u00e9diate (Urssaf).<\/em><\/p>\n<p>B\u00e9n\u00e9ficiez de <strong>50\u00a0% de cr\u00e9dit d\u2019imp\u00f4t<\/strong> sur vos prestations \u00e0 domicile<br \/>(d\u00e9pannage, installation, assistance, conseils\u2026).<\/p>\n<p>Avec l\u2019<strong>avance imm\u00e9diate<\/strong>, vous ne payez que <strong>la moiti\u00e9<\/strong> du montant\u00a0:<\/p>\n<p><em>Exemple\u00a0: intervention \u00e0 80\u00a0\u20ac \u2192 vous ne r\u00e9glez que 40\u00a0\u20ac.<\/em><\/p>\n<p><small><strong>Non \u00e9ligibles\u00a0:<\/strong> mat\u00e9riel, pi\u00e8ces d\u00e9tach\u00e9es et interventions hors domicile.<\/small><\/p>\n<p>[\/et_pb_text][et_pb_button button_text=\u00a0\u00bbPrendre rendez-vous\u00a0\u00bb _builder_version=\u00a0\u00bb4.27.4&Prime; _module_preset=\u00a0\u00bbdefault\u00a0\u00bb sticky_enabled=\u00a0\u00bb0&Prime; button_alignment=\u00a0\u00bbcenter\u00a0\u00bb custom_button=\u00a0\u00bbon\u00a0\u00bb button_text_size=\u00a0\u00bb18px\u00a0\u00bb button_text_color=\u00a0\u00bb#FFFFFF\u00a0\u00bb button_bg_color=\u00a0\u00bb#0073e6&Prime; button_border_radius=\u00a0\u00bb10px\u00a0\u00bb custom_margin=\u00a0\u00bb||20px||false|false\u00a0\u00bb custom_padding=\u00a0\u00bb14px|28px|14px|28px|false|false\u00a0\u00bb box_shadow_style=\u00a0\u00bbpreset3&Prime; hover_enabled=\u00a0\u00bb0&Prime;][\/et_pb_button][\/et_pb_column][\/et_pb_row][\/et_pb_section]<\/p>\n","protected":false},"excerpt":{"rendered":"<p>Mes tarifs Des tarifs simples et transparents. Vous ne payez que ce dont vous avez besoin. Votre ordinateur ne d\u00e9marre plus, affiche un message d\u2019erreur ou ne r\u00e9pond plus ? Aisne PC Assistance intervient \u00e0 domicile pour diagnostiquer et r\u00e9parer vos probl\u00e8mes informatiques sur Windows. Pannes syst\u00e8me, erreurs de d\u00e9marrage Blocages, \u00e9crans bleus, p\u00e9riph\u00e9riques non [&hellip;]<\/p>\n","protected":false},"author":1,"featured_media":0,"parent":0,"menu_order":0,"comment_status":"closed","ping_status":"closed","template":"","meta":{"_et_pb_use_builder":"on","_et_pb_old_content":"","_et_gb_content_width":"","footnotes":""},"class_list":["post-112","page","type-page","status-publish","hentry"],"_links":{"self":[{"href":"https:\/\/aisnepcassistance.fr\/index.php?rest_route=\/wp\/v2\/pages\/112","targetHints":{"allow":["GET"]}}],"collection":[{"href":"https:\/\/aisnepcassistance.fr\/index.php?rest_route=\/wp\/v2\/pages"}],"about":[{"href":"https:\/\/aisnepcassistance.fr\/index.php?rest_route=\/wp\/v2\/types\/page"}],"author":[{"embeddable":true,"href":"https:\/\/aisnepcassistance.fr\/index.php?rest_route=\/wp\/v2\/users\/1"}],"replies":[{"embeddable":true,"href":"https:\/\/aisnepcassistance.fr\/index.php?rest_route=%2Fwp%2Fv2%2Fcomments&post=112"}],"version-history":[{"count":26,"href":"https:\/\/aisnepcassistance.fr\/index.php?rest_route=\/wp\/v2\/pages\/112\/revisions"}],"predecessor-version":[{"id":246,"href":"https:\/\/aisnepcassistance.fr\/index.php?rest_route=\/wp\/v2\/pages\/112\/revisions\/246"}],"wp:attachment":[{"href":"https:\/\/aisnepcassistance.fr\/index.php?rest_route=%2Fwp%2Fv2%2Fmedia&parent=112"}],"curies":[{"name":"wp","href":"https:\/\/api.w.org\/{rel}","templated":true}]}}